*u + 204. Give y(20).
4
Let w(u) = u**3 + 2*u**2 - 3*u + 2. Give w(1).
2
Let j(f) = -7*f**3 - 2*f**2 - 2*f - 1. What is j(-1)?
6
Let m(b) = -b - 3. Determine m(-6).
3
Let n(d) = -2*d**2 - d + 7. Calculate n(2).
-3
Let v(h) = -2*h**2 - 10*h - 15. Determine v(-5).
-15
Let q(c) = 10*c + 7. What is q(-7)?
-63
Let k(z) = -2*z**2 + 1. Determine k(1).
-1
Let l(k) = -k**3 - 7*k**2 + 8*k + 11. What is l(-8)?
11
Let w(h) = -h**3 + 23*h**2 - 24*h + 41. What is w(22)?
-3
Let x(s) = -2*s**3 + 4*s**2 - 2*s - 1. What is x(2)?
-5
Let r(q) = 39*q - 186. Determine r(5).
9
Let j(n) = 4*n - 36. Determine j(9).
0
Let x(w) = 14*w + 4. What is x(-3)?
-38
Let o(h) = h**3 + 11*h**2 + h + 17. Determine o(-11).
6
Let g(f) = -2*f - 9. Determine g(-5).
1
Let h(c) = -8*c**2 + 4*c - 5. What is h(1)?
-9
Let w(f) = -8*f - 7. Determine w(-2).
9
Let s(w) = -w**3 - 13*w**2 - 25*w - 26. What is s(-11)?
7
Let v(o) = o**2 + 4*o - 8. Calculate v(0).
-8
Let u(a) = a**3 - 14*a**2 - a + 14. Calculate u(14).
0
Let x(g) = -7*g - 15. Give x(-9).
48
Let w(f) = 21*f - 16. Determine w(-3).
-79
Let v(s) = -10*s**3 - s**2 - s - 1. Give v(-1).
9
Let b(k) = k**3 + 13*k**2 + 2*k - 1. What is b(-12)?
119
Let s(b) = b - 8. Determine s(19).
11
Let n(y) = y**3 + 10*y**2 - 8*y - 9. Determine n(-11).
-42
Let r(q) = q**3 + 3*q**2 + 2*q - 3. Determine r(-3).
-9
Let b(w) = 2*w**2 - 2*w - 20. Give b(0).
-20
Let p(d) = d**3 - 7*d**2 + 2*d - 17. What is p(7)?
-3
Let u(b) = -b**3 + 2*b + 7. Calculate u(0).
7
Let t(c) = 5*c**2 + 3*c + 1. Calculate t(-1).
3
Let k(n) = -n**2 + 22*n - 80. Calculate k(10).
40
Let a(q) = q**3 + 5*q**2 - 2*q + 23. Calculate a(-6).
-1
Let u(b) = -b**3 + 5*b**2 + 17*b - 2. What is u(7)?
19
Let l(a) = -a**2 - 56*a + 122. What is l(-58)?
6
Let s(p) = p**3 + 19*p**2 + 2. Give s(-19).
2
Let k(c) = 2*c + 18. Calculate k(-9).
0
Let x(w) = 3*w**2 + 32*w + 13. Determine x(-10).
-7
Let o(h) = 2*h + 12. Determine o(7).
26
Let c(d) = -2*d**2 - 50*d - 6. Give c(0).
-6
Let u(l) = -145*l - 280. Determine u(-2).
10
Let h(a) = a**3 + 11*a**2 + 11*a - 12. Give h(-9).
51
Let i(d) = -d**2 - 18*d - 30. Give i(-16).
2
Let n(b) = -4*b + 46. Give n(14).
-10
Let p(c) = 21*c + 5. Calculate p(2).
47
Let j(z) = z**3 - 6*z**2 - 24*z - 14. Calculate j(9).
13
Let m(j) = -6*j - 25. Determine m(-3).
-7
Let p(l) = l**2 - 3*l - 25. Give p(6).
-7
Let o(d) = -2*d + 105. Give o(32).
41
Let u(v) = v**2 + 11*v - 104. Give u(6).
-2
Let h(g) = -8*g - 1. Give h(3).
-25
Let k(o) = -o**3 - 9*o**2 - 9*o - 20. What is k(-8)?
-12
Let y(s) = s + 15. Determine y(-9).
6
Let d(k) = 2*k**3 + 7*k**2 - 7*k - 7. Determine d(-4).
5
Let u(y) = y**2 + 10*y - 12. What is u(-10)?
-12
Let k(n) = 12*n - 12. Calculate k(4).
36
Let w(u) = 5*u - 19. Give w(6).
11
Let n(m) = m**3 - 16*m**2 + 39*m - 5. Give n(13).
-5
Let a(g) = 3*g + 1. Determine a(1).
4
Let n(j) = -j**3 + 6*j**2 - j + 2. What is n(6)?
-4
Let y(g) = -15*g + 1. Calculate y(-2).
31
Let p(h) = -2*h**3 + 11*h**2 - 3*h - 3. Calculate p(5).
7
Let i(u) = -u**3 - 4*u**2 + 4. Determine i(-4).
4
Let a(c) = -2*c**3 - 6*c**2 + 37*c - 3. Determine a(-6).
-9
Let c(n) = -n**3 + 35*n**2 + 33*n + 103. Determine c(36).
-5
Let q(p) = p**3 + 2*p - 12. What is q(0)?
-12
Let k(z) = -3*z**2 + 5*z - 3. Determine k(2).
-5
Let f(a) = -a**3 + 7*a**2 + 6*a + 13. What is f(8)?
-3
Let n(q) = q**3 - q**2 - 2*q - 1. Calculate n(2).
-1
Let g(f) = 57*f - 226. Give g(4).
2
Let r(b) = 8*b + 5. Calculate r(6).
53
Let p(m) = 13*m**3 - 2*m**2 + 5*m - 4. Give p(1).
12
Let v(j) = -2*j - 49. Determine v(-20).
-9
Let u(j) = -j**2 + 9*j - 10. Determine u(5).
10
Let m(k) = -k**2 + 3*k - 5. Calculate m(-5).
-45
Let j(h) = -16*h - 6. Calculate j(-5).
74
Let n(p) = -p**3 + p**2 + 16*p + 9. What is n(-3)?
-3
Let v(k) = 2*k**3 - k**2 - 4*k. Give v(2).
4
Let z(m) = 2*m**2 - 3*m - 10. What is z(3)?
-1
Let h(y) = 9*y - 4. Give h(1).
5
Let s(o) = -5*o**3 + 4*o**2 - 7*o + 4. Determine s(2).
-34
Let m(x) = -3*x**3 - 3*x - 2. What is m(-1)?
4
Let p(c) = 2*c**3 + 7*c**2 - 3*c + 1. Calculate p(-4).
-3
Let y(a) = -a**2 - 25*a + 86. Give y(-28).
2
Let y(a) = -a**3 - 8*a**2 - 10*a - 22. What is y(-7)?
-1
Let q(v) = v + 62. What is q(-24)?
38
Let g(p) = 2*p**3 - p**2 - 5*p - 6. Determine g(-3).
-54
Let o(b) = b**2 + 10*b + 38. Give o(-7).
17
Let f(v) = -v**3 + 6*v**2 - 5*v + 9. What is f(6)?
-21
Let f(o) = -o**3 - 10*o**2 - 9*o - 3. Calculate f(-9).
-3
Let i(k) = -k**3 + 8*k**2 - 8*k + 8. Calculate i(6).
32
Let k(o) = -4*o + 20. Determine k(14).
-36
Let r(i) = -20*i + 214. Calculate r(11).
-6
Let f(r) = r**2 - 3*r - 2. Calculate f(-3).
16
Let j(m) = -44*m**2 - 1. Determine j(-1).
-45
Let l(d) = d**2 + 17*d - 47. Give l(-16).
-63
Let q(g) = 9*g**2 - 2*g + 1. What is q(3)?
76
Let a(v) = -v**2 + 13*v - 25. What is a(10)?
5
Let n(s) = 2*s**2 - 24*s + 27. Calculate n(11).
5
Let y(c) = c**3 + 6*c**2 + 10*c + 5. Calculate y(-4).
-3
Let s(v) = v**2 + 3*v - 19. Give s(-6).
-1
Let j(b) = -b**3 - 7*b**2 - 3. Give j(-7).
-3
Let w(h) = -h**2 + 10*h + 2. Give w(5).
27
Let y(n) = 2*n**2 - 58*n - 10. What is y(30)?
50
Let n(r) = r**3 + 4*r**2 + r - 7. Calculate n(-5).
-37
Let s(z) = 17*z + 51. Calculate s(-3).
0
Let l(j) = 58*j**2 - 114*j - 6. Give l(2).
-2
Let j(h) = -h**2 - 5*h - 3. Determine j(-4).
1
Let k(z) = 17*z - 28. What is k(3)?
23
Let t(k) = 3*k**3 + 2*k**2 + 3*k - 3. What is t(2)?
35
Let t(b) = 2*b**2 + 4*b - 5. Calculate t(2).
11
Let n(p) = p**2 - 4*p + 4. What is n(4)?
4
Let h(n) = -n - 16. What is h(-12)?
-4
Let m(u) = u**2 - 8*u - 9. Give m(15).
96
Let h(o) = o**2 + 2. Determine h(-7).
51
Let c(q) = q**3 - 13*q**2 + 8*q - 5. What is c(12)?
-53
Let i(h) = -6*h**2 + 2*h + 2. Give i(2).
-18
Let o(z) = z**2 - 8*z - 41. Calculate o(16).
87
Let n(o) = -o**2 + 5*o - 10. Give n(5).
-10
Let a(n) = -n**2 + 79. Give a(-9).
-2
Let u(z) = -z**3 - 15*z**2 + z + 21. What is u(-15)?
6
Let d(y) = -2*y**2 + 23*y + 72. Give d(14).
2
Let r(n) = 5*n**2 - n - 1. What is r(1)?
3
Let t(u) = 2*u + 53. Calculate t(-14).
25
Let j(h) = h**2 + 20*h + 18. Determine j(-19).
-1
Let r(j) = 21*j + 6. Calculate r(-7).
-141
Let z(x) = -x**3 + 23*x**2 - 24*x + 51. What is z(22)?
7
Let t(w) = w**2 + 5*w + 2. Calculate t(-1).
-2
Let k(p) = 4*p. Determine k(3).
12
Let c(x) = 10*x**2 + 2*x - 3. Give c(2).
41
Let x(l) = 7*l**3 + 2*l**2 - 2*l - 2. What is x(-2)?
-46
Let f(t) = 2*t**3 - 13*t**2 + 5*t + 9. What is f(6)?
3
Let m(u) = 2*u**3 + 8*u**2 - 4*u + 10. Determine m(-6).
-110
Let n(z) = z**3 + 6*z**2 - 21*z - 20. Calculate n(-8).
20
Let j(i) = i**3 + 16*i**2 - 19*i - 9. Determine j(-17).
25
Let u(o) = 3*o + 10. Determine u(7).
31
Let c(i) = -i**3 + 7*i**2 + i - 5. Determine c(7).
2
Let r(q) = -24*q**3 + q + 7. Determine r(-2).
197
Let u(w) = -33*w + 557. Calculate u(17).
-4
Let g(q) = 4*q**2 - 5*q. Give g(2).
6
Let i(p) = 2*p + 5. Calculate i(-3).
-1
Let c(s) = s**2 + 16*s + 18. Calculate c(-14).
-10
Let d(t) = -t**3 + 12*t**2 + 14*t - 19. What is d(13)?
-6
Let x(f) = f - 4. Give x(-3).
-7
Let x(o) = o**3 + 9*o**2 + 13*o - 9. Calculate x(-7).
-2
Let z(a) = 8*a**3 - 4*a**2 + 4*a - 4. What is z(2)?
52
Let y(w) = w**3 - 12*w**2 + 9*w - 13. Calculate y(12).
95
Let q(r) = -9*r**3 - r**2 - r - 1. Determine q(-1).
8
Let h(a) = 5*a + 132. Determine h(-21).
27
Let x(m) = 13*m - 2. Calculate x(-2).
-28
Let v(p) = -47*p + 241. Give v(5).
6
Let z(d) = d**3 + 4*d**2 - 8*d - 7. What is z(-5)?
8
Let r(z) = -24*z**2 - z. Give r(1).
-25
Let u(i) = -43*i + 1. What is u(1)?
-42
Let z(b) = b + 23. Determine z(-6).
17
Let t(q) = q**2 - 36*q - 42. Give t(37).
-5
Let l(r) = 7*r + 40. Calculate l(-6).
-2
Let b(m) = -m**3 - 14*m**2 + 15*m - 4. What is b(-15)?
-4
Let w(y) = 2*y - 3. Give w(-10).
-23
Let y(n) = -2*n**2 + 5*n + 1. Give y(4).
-11
Let o(w) = w**3 + w - 18. Determine o(0).
-18
Let w(c) = 3*c**2 - 24*c + 14. Give w(8).
14
Let y(c) = c**2 + 13*c - 25. Give y(-15).
5
Let f(z) = z - 9. Calculate f(5).
-4
Let j(t) = t**2 + 13*t + 23. Calculate j(-10).
-7
Let d(y) = -y**3 - 3*y**2 + 5*y. Calculate d(-5).
25
Let r(a) = a - 2. Determine r(8).
6
Let k(t) = t**2 + 13*t + 1. Determine k(-10).
-29
Let m(x) = x**3 - 2*x**2 - 18*x - 14. What is m(0)?
-14
Let a(l) = l**3 + 20*l**2 - 19*l + 52. What is a(-21)?
10
Let f(j) = -j**3 - 9*j**2 + 5*j + 41. Give f(-9).
-4
Let q(f) = -f**2 + 3*f - 4. Determine q(3).